d**2 + 9. What is the remainder when 34/(-7)*7/(-2) is divided by v(8)?
8
Let i(n) = -4*n**3 - 6*n**2 - 6*n - 4. Let b(y) = -3*y**2 - 5*y - 1. Let s be b(-2). Calculate the remainder when i(s) is divided by 18.
14
Let b(j) = -15*j. Let d be 47/9 + 4/(-18). Let r = d - 1. What is the remainder when b(-1) is divided by r?
3
Let f = -615 - -655. What is the remainder when f is divided by 21?
19
Suppose 4*x - 88 = 4*z, -2*x + x = 5*z + 8. Let t(o) = 4*o - 56. Calculate the remainder when 81 is divided by t(x).
9
Suppose 0 = r - 2, -2*c + 3*c = -3*r + 107. Let a = -76 + c. What is the remainder when 49 is divided by a?
24
Let x(h) = 19*h + 118*h**2 - 129*h**2 + 21 - 6*h - h**3. Calculate the remainder when x(-12) is divided by 3.
0
Let w = -381 + 567. What is the remainder when w is divided by 39?
30
Let i be (-17 - -16)/(1/(-2)). Suppose 4*n = 3*n. Let h = n + i. Calculate the remainder when 7 is divided by h.
1
Let a be (-59)/(-4) + ((-126)/(-24) - 5). Suppose -7*h - 168 = -a*h. What is the remainder when 38 is divided by h?
17
Calculate the remainder when (6 + -1 + -16)*(2 + -10) is divided by 7.
4
Suppose -2*d + 32 = -9*v + 4*v, -2*v = -5*d + 101. Calculate the remainder when (5 + (-6 - -2))*61 is divided by d.
19
Suppose 5*b - 49 = 4*k, -73 = -3*b - 2*b - 2*k. Calculate the remainder when 36 is divided by b.
10
Let m be 2 + (-2248)/28 - 2/(-7). Let t = m - -83. Calculate the remainder when (9/5)/(1/5) is divided by t.
4
Suppose -20 = -9*b + 4*b. Suppose 23 = w + a, -b*w + 2 + 85 = 5*a. Let o = 5 + w. What is the remainder when 130 is divided by o?
31
Let f(c) = 61*c**3 + 2*c**2 + 7*c - 8. What is the remainder when f(1) is divided by 2?
0
Let f(a) = -a**3 - 2*a**2 + 26*a - 12. What is the remainder when 97 is divided by f(-7)?
46
Suppose 32*q - 36*q + 52 = 0. Let m(w) = -3*w + 1 + 2*w**2 + w + w - 3*w. What is the remainder when m(6) is divided by q?
10
Suppose 9 = 3*s, 3*j - 2*s = -156 + 1299. Suppose -4*i = -3*l - 2*l - j, -2*i = -3*l - 191. What is the remainder when i is divided by 35?
27
Suppose 4*h - 11 = 3*h. What is the remainder when (-5 - (-261)/18)*2 is divided by h?
8
Suppose -23*k - 154 = -34*k. Let z(f) = f**3 - 5*f**2 - 9*f + 3. What is the remainder when z(7) is divided by k?
10
Let s(j) = j - 181. Let a be s(0). Let y = -129 - a. Calculate the remainder when y is divided by 15.
7
Let l = -1050 + 1070. What is the remainder when 87 is divided by l?
7
Let d = 333 + -301. What is the remainder when 58 is divided by d?
26
Let w be 4*1 + 4 + -2. Suppose -24*v + 27*v = w. Suppose -q = -0*q - 11. What is the remainder when q is divided by v?
1
Let v(o) = -22*o - 125. What is the remainder when 482 is divided by v(-6)?
6
Suppose k - 6 = 4*j, 4*k = -5*j + 44 + 43. What is the remainder when 68 is divided by k?
14
Let v = 20 + 0. Calculate the remainder when 236 is divided by v.
16
Let t = 931 + -894. Let r(x) = x**2 + x - 2. What is the remainder when t is divided by r(3)?
7
Suppose -3*v + 10 + 2 = 0. Let a = v + 13. Let w(n) = 46*n**3 + 3*n**2 - 6*n + 4. What is the remainder when w(1) is divided by a?
13
Suppose 4*i = 2*t - 300, -3*t + 750 = 2*t - 2*i. What is the remainder when 25 is divided by (-4 - t/(-5))/2?
12
Let q be (-42)/(-8) - (-2)/(-8). Suppose -27 = -g + q*r, -4*r - 24 + 0 = -g. What is the remainder when g is divided by (5*-1)/(1/(-2))?
2
Let w be (-3)/((-11)/4 - -2). Suppose -236 + w = -4*q + 4*t, 0 = 3*t - 9. Calculate the remainder when q is divided by (8/((-32)/21))/(1/(-4)).
19
Suppose 7*p = -2*p + 36. What is the remainder when 87 is divided by p?
3
Let m = -24 + 34. Suppose m*i + 4 = 14*i. Calculate the remainder when 3 is divided by i.
0
Suppose 3*u + 4*a - 157 = 267, 3*u = 3*a + 396. What is the remainder when u is divided by 28?
24
Suppose -2*p = 2*q - 1152, -2*q + 5*p + 840 + 312 = 0. What is the remainder when q is divided by 34?
32
Suppose 0*n + 8 = -4*n. Let k = n - -31. What is the remainder when 114 is divided by k?
27
Let c = -686 + 754. What is the remainder when c is divided by 7?
5
Let a be (-3)/(-3)*1812/6. Suppose -v = 5*w - 294, -v + 3 + 1 = 0. What is the remainder when w is divided by (-10)/50 + a/10?
28
Let i(z) = 2*z**2 - 23*z - 9. Let a be i(12). Suppose a*n - 104 = b + 104, -278 = -4*n + 2*b. What is the remainder when n is divided by 24?
21
Let w(l) = l**3 - 14*l**2 + 13*l + 13. Let z = 51 - 100. Let d = z + 99. What is the remainder when d is divided by w(13)?
11
Suppose -7*j + 5*j = 4, -3*h + 86 = -4*j. Calculate the remainder when 141 is divided by h.
11
Suppose 17*g + 116 = 983. What is the remainder when 95 is divided by g?
44
Let g(z) = 2*z**2 - z**3 - 12*z - 12 - 1 + 14*z**2. Let y be g(15). Calculate the remainder when y*((-15)/(-6) - 1) is divided by 25.
23
Let n(p) = 16*p**2 + 2*p + 8. Calculate the remainder when n(-3) is divided by 21.
20
Suppose 325 = 4*z + z. Suppose 4*k = -k + z. What is the remainder when k is divided by 2/(-6) + (-26)/(-6)?
1
Let u = -29 - -32. Suppose -m - 162 = -u*o, -2*m = 4*o - m - 209. What is the remainder when o is divided by 18?
17
What is the remainder when 13 is divided by 64/16 + (-3)/(9/(-12))?
5
Let j(d) = -4*d - 23. Let c(i) = i**2 - 10*i + 6. Let v be c(8). What is the remainder when j(v) is divided by 5?
2
Suppose -11*f = -15*f - 16. What is the remainder when ((-425)/10)/(2/(-4)) is divided by -3 + (18 - f) - (-3)/1?
19
Let m = 11 - 6. Suppose 3*q = -l + 6*l + 2, q + m*l = 14. What is the remainder when 16 is divided by q?
0
Let h = -27 + 51. Let b = 38 - h. What is the remainder when 26 is divided by b?
12
Let g(j) = j**3 - 43*j**2 + 52*j + 33. What is the remainder when g(42) is divided by 13?
11
Calculate the remainder when (-48)/(-264) - (-2968)/11 is divided by 94.
82
What is the remainder when (100/14)/(3*(-9)/(-189)) is divided by 16?
2
Let o(l) = -2*l**2 - 14*l - 5. Suppose 0 = 5*p + 5, -c + 6*c - 5*p + 30 = 0. Let d = c - -1. What is the remainder when o(d) is divided by 3?
1
Suppose -34*v - 1098 = -43*v. Calculate the remainder when 1340 is divided by v.
120
Let k = -115 + 6. Suppose -5*h = 447 - 137. Let x = h - k. What is the remainder when x is divided by 12?
11
Let y(h) = 2*h**2 - 44*h - 40. Calculate the remainder when 74 is divided by y(23).
2
Suppose -1 - 5 = -u. Let s = -2 + u. Suppose 5*w - 60 = -2*o, w = s*o + 13 + 21. What is the remainder when 53 is divided by w?
11
Let r be 3/(-5 - -2) - -3. What is the remainder when 17 is divided by 5*(-1 + 0 + r)?
2
Suppose 41 - 2 = 3*f. Let x = -68 + 71. Suppose -x*m - 5*z = -1, 4*m - z = m + 7. Calculate the remainder when f is divided by m.
1
Let l(j) = -3654*j. Let y be l(2). What is the remainder when y/(-48) - (-3)/4 is divided by 31?
29
Let k = 682 + -685. Let o be 1 + 1 + 1 + 0. What is the remainder when (4 + k - -2) + o is divided by 2?
0
Suppose -4*p = -3*d - 164, 17*d + 164 = 4*p + 13*d. Calculate the remainder when p is divided by 16.
9
Let k(s) = -s**3 - 8*s**2 - 9*s + 1. Let r be k(-7). Suppose 5*c = -r, 3*u + 0*u - 63 = 2*c. Let g = -174 + 249. What is the remainder when g is divided by u?
18
Let f = 4 - -7. Let b(t) = -t**2 + 11*t - 12. Let u be b(9). Suppose u*l - 12 = 4*l. Calculate the remainder when f is divided by l.
5
Suppose -33*y - 167*y + 5328 = -52*y. Let z(p) = 21*p**2 - 1. Calculate the remainder when y is divided by z(1).
16
Suppose b - 5*b - 112 = 0. Let g = 34 + b. Suppose -103 = -g*i + 77. Calculate the remainder when 59 is divided by i.
29
Suppose 0 = -5*j - 652 + 687. Suppose -54 + 14 = -5*b + 3*i, -2*b = 5*i + 15. Let w(q) = q**2 - 3*q + 3. Calculate the remainder when w(b) is divided by j.
6
Suppose 0 = -4*s - 19 + 127. Let l be ((-16)/3)/((-2)/s). Suppose 5*p - 3 = l. What is the remainder when 59 is divided by p?
14
Let b = -259 + 301. What is the remainder when 285 is divided by b?
33
Suppose c + m + 660 = 5*c, -5*m = 4*c - 660. Let z(l) = 21*l**3 + l**2 + 2*l. Calculate the remainder when c is divided by z(1).
21
Let h = 32 + -54. Let y = 31 + h. What is the remainder when y is divided by 2?
1
Let i(n) = -3*n - 4. Let x be i(-3). Suppose 64 = x*o - o. Let a(s) = 2*s**2 - 24*s + 132. Calculate the remainder when a(7) is divided by o.
14
Suppose 234 + 52 = 2*o. Suppose p + 2*k - 131 = -0*p, p - 2*k - o = 0. What is the remainder when p is 